et i be (-7)/2*(-8 + -4 + -576). Suppose 4*p + 10*p - i = 0. What is the hundreds digit of p?
1
Suppose 190*y + 776756 = 236*y. What is the ten thousands digit of y?
1
Suppose -m - 13 = -5*t, 0 = -4*t - m - 1 + 6. Let u = -138 - -128. What is the units digit of ((-258)/u)/3 + t/5?
9
What is the hundreds digit of (-2*((-16)/(-5))/4)/((-234)/1498185)?
2
Let l(m) = -790*m**2 + 6*m - 5. Let o be l(1). Let n = o - -1323. What is the tens digit of n?
3
Let u be ((-120)/(8/(-2)))/2. Let y be -6*(u/(-3))/(-5). What is the units digit of 26*((-9)/y - 0/3)?
9
Let s(l) = l**3 - 105*l**2 + 14*l + 106. What is the thousands digit of s(105)?
1
Let x = 51 - -785. Suppose -73*b + 69*b + x = 0. What is the tens digit of b?
0
What is the units digit of -5 + (-2)/(-7)*7 - -9559?
6
Suppose -b + 39 = -11. Let l = b + -47. Suppose 2*w + 4*c = -l*w + 422, 9 = 3*c. What is the tens digit of w?
8
Let c = 911 - 900. Let o(j) = 72*j + 126. What is the units digit of o(c)?
8
Suppose -29*l + 6720 = -27*l - 6*f, -3*l = f - 10120. What is the units digit of l?
2
Let p(a) = 8*a**2 - 11*a - 39. Let c be p(-6). Suppose 4*x = 3*w + 1768, -3*w + 142 = x - c. What is the tens digit of x?
4
Let x = 68 + -14. Let o = x + -54. What is the tens digit of -3 - o/(-3) - -113?
1
Let x(w) = 239*w - 113 + 59 + 470*w + 58. What is the units digit of x(2)?
2
Suppose 0 = -5*a - 20, -w + 0 = 2*a + 14. What is the units digit of 305 + (-2 + 2 - w)?
1
Let b(s) = 320*s + 176. Suppose -554*u - 8 = -556*u. What is the units digit of b(u)?
6
Let u be (-70)/12 + 6 + (-16215)/(-18). Suppose 3*t = 12, -i + 9*t = 12*t - u. What is the units digit of i?
9
Let i = 96 - 80. Let h be (-81)/252*i/6*7. What is the units digit of -3*127/h + 3/2?
5
Suppose 22146 + 60367 - 9863 = 5*h. What is the hundreds digit of h?
5
Let q(l) = 10166*l**2 + 14*l - 18. What is the ten thousands digit of q(1)?
1
Suppose 0 = -5*u + 9*u - 3*r - 24, 4*r + 25 = 3*u. Suppose -u*t + 2316 = 3*a, -3*a - 3094 = -4*t - a. What is the units digit of t?
3
Let w(f) = 3963*f - 40. Let h be w(2). Suppose 33*z + 1385 = h. What is the tens digit of z?
9
Let g = -466 + 470. Suppose -4101 = -g*k + 2011. What is the tens digit of k?
2
Let i(b) = 3*b**2 - 13*b - 74. Let p be i(-21). Let q = p - 182. What is the units digit of q?
0
Let j = 21985 + -13378. What is the thousands digit of j?
8
Let v = -19830 + 20187. What is the hundreds digit of v?
3
Let z(p) = -9*p - 18. Let s be z(-3). Suppose -s*i + 649 = -8*i + 2*q, -4*i = -3*q - 2585. What is the tens digit of i?
4
Let y be 1 + 4 + (2 - 5). Let t(o) = 4*o - 3. Let b be t(y). Suppose -b*q + 70 = -35. What is the tens digit of q?
2
Suppose d = 4*g + 1, d - 3*d + 2 = -3*g. Let c be (-56 - -286)/(1/(-2) + d). Suppose 0 = 23*k - 25*k + c. What is the tens digit of k?
3
Suppose 132235 = 45*r - 280010. What is the units digit of r?
1
Let f(m) = -62*m - 138. Let u be f(-23). Suppose -7*s + 35*s - u = 0. What is the tens digit of s?
4
Suppose -3*j + 499 = 127. Suppose 3*l = p + 348, -10*l + 9*l + j = -3*p. What is the hundreds digit of l?
1
Suppose 17*h = 13*h + 5*w - 375, -2*w - 287 = 3*h. Let v(n) = -2*n**2 - 6*n + 9. Let t be v(-7). Let x = t - h. What is the tens digit of x?
4
Let c = 12535 - 8083. Suppose -2*z = 4*z - c. What is the tens digit of z?
4
Let r(l) = -l**3 + 11*l**2 + 17*l - 14. Let t = 440 + -428. What is the tens digit of r(t)?
4
Let o be (-1)/(4 - (-212)/(-52)). Suppose -2*j = 5*l - o, 0*j + 5*j - 5*l - 50 = 0. Suppose -6*w = j - 21. What is the units digit of w?
2
Let l(v) = 11*v - 9. Suppose r = -5*u - r + 47, -5*u = r - 51. Let c be ((-10)/6)/(u/(-33)). What is the units digit of l(c)?
6
Suppose -3*m + 10761 = 3*a, -8*a = -12*a + 12. Suppose 2*g - m = -w - 3*w, -4*g - 3596 = -4*w. What is the units digit of w?
7
Let a(m) = -2*m**3 - 112*m**2 - 3*m - 161. Let j be a(-56). Suppose j*t - 2*n - 5453 = 2*t, 4*t = n + 4363. What is the hundreds digit of t?
0
Let m(z) = z**2 - 8*z + 10. Let s = 67 + -60. Let x be m(s). Suppose i - 74 = -x*l, -2*i - 5*l - 63 = -207. What is the units digit of i?
2
Let q(b) = 30*b**2 + 7*b + 1. Let f be q(3). Let p = 532 - f. What is the hundreds digit of p?
2
Suppose -3*d = 10*d - 78. Suppose -12*a = d*a - 1440. What is the tens digit of a?
8
Suppose -45617 - 65163 = -8*j - 2*j. What is the hundreds digit of j?
0
Let n be (5 + 1)*5/10. Let j(k) = k**2 - 4*k - 50. Let p be j(20). Suppose -5*u + n*y = -p, -256 = -5*u + 4*y + 19. What is the units digit of u?
1
Suppose 26*w - 91212 - 60784 = 0. What is the thousands digit of w?
5
What is the hundreds digit of 18/2 - (3572/(-19) + -7)?
2
Let a = 610 + 7653. What is the hundreds digit of a?
2
Let q = -256 - -246. Let c(s) = -s**3 - 8*s**2 + 19*s - 1. What is the units digit of c(q)?
9
Let r = 6487 + -5166. What is the units digit of r?
1
Let v = 2180 + 20155. What is the ten thousands digit of v?
2
Let x be ((-10)/(-55))/(2/22). What is the units digit of x + (-3 - -6) + (-987)/(-3)?
4
Suppose 6*a - 25 = a. Suppose -5*i - a*n + 15 = -0*i, -4*n = -3*i - 26. Let r = 102 - i. What is the hundreds digit of r?
1
Let v(f) = -f**2 + 30*f - 85. Let h(n) = 23*n - 9. Let m be h(1). What is the tens digit of v(m)?
3
Let f be (834/10)/((-232)/40 + 6). Let q = 718 - f. What is the tens digit of q?
0
Suppose 0 = 2*b - j - 18281, -3*j + 7526 = -2*b + 25813. What is the hundreds digit of b?
1
Suppose -9*v = 162 + 657. Let t = v - -173. What is the units digit of t?
2
Let o = -721 + 1031. Suppose -4*k = -62 - o. Suppose 4*b = -5*d + 117, 17 = 4*b - 2*d - k. What is the units digit of b?
8
Suppose 4*a = 4, 54*a - 49*a = 2*v + 5. Suppose -68*d + 45*d + 8073 = v. What is the units digit of d?
1
Suppose 0 = -h - 18*h + 38. Suppose 438 = h*x - 210. What is the tens digit of x?
2
What is the hundreds digit of (-147062)/(-4) - -7*(-11)/(-154)?
7
Let q(a) = 9*a - 24. Let n be q(12). What is the hundreds digit of (32/14 - 2) + 34248/n?
4
Let j(i) = -i**3 + 2*i**2 + 5*i - 2. Let q be (-1)/5 - 16/(-5). Let g be j(q). What is the hundreds digit of (-484 - -4)/(-3)*3/g?
1
Suppose -24*v = -11*v - 368953. What is the ten thousands digit of v?
2
Let x(a) = 8471*a**2 - 160*a + 159. What is the units digit of x(1)?
0
Suppose -27 = 4*a - 2*s - 31, a + 3*s - 8 = 0. Suppose a*t = 3*t + j - 1121, -4*t + 4484 = 2*j. What is the thousands digit of t?
1
Suppose -16*f = -5*f + 1936. Let a = f - -237. What is the units digit of a?
1
Let o(j) = j**2 + 17*j + 9. Let v be o(-17). Let s(f) = 5*f + 31. What is the units digit of s(v)?
6
Let j(q) = 612*q - 92. Let y be j(5). Suppose 23*b - 30*b = -y. What is the units digit of b?
4
Let g(j) be the second derivative of -17*j**3/2 + 21*j**2 + 4*j + 4. What is the tens digit of g(-7)?
9
Let v be 4/(-16) - 33/12. Let f = -1 - v. Suppose f*j - 5*j = -486. What is the units digit of j?
2
Let o be 5 + (2 - 3) - (-4)/(-1). Suppose o*a = -2*a + 234. Let r = 247 - a. What is the hundreds digit of r?
1
Let z = 131 + -224. Let o = -89 - z. Suppose -4*h + o = 0, 6*u - 10*u + h + 1091 = 0. What is the tens digit of u?
7
Let x = -50448 - -81554. What is the tens digit of x?
0
Suppose 4 = -n, 4*n + 6418 = -2*i + 22096. What is the units digit of i?
7
Let x(p) = -p + 18. Let u be x(15). Suppose -2*m - u*f = -15, 0 = 2*m - 5*f - 6 + 15. Suppose -138 = -m*b + b. What is the units digit of b?
9
What is the tens digit of (-75)/(-875)*-7*-70995?
9
Suppose -3*z - 2*m + 5906 = 0, z - 45 = -2*m + 1925. Suppose 12*j - 2280 = z. What is the units digit of j?
4
Let v = 9605 - 9481. What is the tens digit of v?
2
Suppose 5*k = 3*k + 4. Let n be 4 - (-65)/(-20) - (-114)/8. What is the units digit of k/3 - (-1100)/n?
4
Suppose -1159 = -5*x + 2316. Suppose 0 = -k + b + 2, 4*k = -4*b - 28 + 76. Suppose k*w + x = 12*w. What is the tens digit of w?
3
Let r be 3 + (-77)/28 + (-110)/(-8). What is the units digit of (-2680)/(-15)*63/r?
4
Suppose -449*v = 318842 - 14398584. What is the thousands digit of v?
1
Let g(t) = t**3 - 5*t**2 - 30*t - 1064. What is the tens digit of g(31)?
9
Let k be 2/(-6)*3 + 4*358. Suppose -y + 715 = 2*h, -y = 2*h + 2*h - k. Suppose 0 = 7*i - 83 - h. What is the units digit of i?
3
Let x = 868 - -116. Let v = x - 524. Suppose 6*h = v + 194. What is the hundreds digit of h?
1
Suppose -1 = 4*u - 13. Suppose -o - 4*f = -